et i(o) be the third derivative of o**5/60 - o**4/3 - o**3/6 - 9*o**2. Determine i(8).
-1
Let j(r) = 78*r - 36. Let d(f) = 11*f - 5. Let c(u) = -36*d(u) + 5*j(u). What is c(1)?
-6
Let h = 10 + -12. Let q(y) = y**3 - y**2 - 2*y + 1. Calculate q(h).
-7
Suppose 2*i + 2*i - 20 = 0. Let p(b) = -5 + 4 + i*b - b. Give p(1).
3
Let o be (-1)/(-3) - ((-1)/(-3))/1. Suppose -5*x + 3*b = -3, 2*b - 8 = -0*b. Let m(a) = 5*a**3 - 3*a**x - 7 + a - 3*a**3. Calculate m(o).
-7
Let h = 1 + -1. Let o = 15 + -13. Let x(p) = 9 - p**o + p - p**3 + 5 + 4 - 13. Determine x(h).
5
Let o(s) be the first derivative of s**4/4 - s**3/3 + s**2 - s + 12. Determine o(1).
1
Let z(g) = g - 1. Suppose -17*c = -20*c. Determine z(c).
-1
Let d(w) = w. Let z(q) = 5*q + 4. Let a(o) = 6*d(o) - z(o). What is a(5)?
1
Let r = -16 + 11. Let f = 1 + 4. Let g(a) = -a**3 - 6*a**2 - 3. Let u(t) = -t**3 - 6*t**2 + t - 4. Let q(k) = f*g(k) - 4*u(k). Determine q(r).
-4
Suppose 11 = -c + m, -2*c - 3*m + 8*m = 34. Let z(u) = -u**2 - 5*u + 10. Give z(c).
-4
Let g(d) = -157 + d - 3*d + 161 + 3*d. Give g(-6).
-2
Let g(p) be the second derivative of -p**4/6 + p**2/2 - p. Let y = -9 - -7. Let b be y/(-4)*4 + -3. What is g(b)?
-1
Let l(p) = -p**2 + p + 18. Suppose 0 = -15*t + 8*t. Determine l(t).
18
Let w(f) be the first derivative of f**3/3 + 3*f**2 - 2*f - 5. What is w(-6)?
-2
Let u(f) = -2*f - 3. Let j be -3*(-4 + 3) - 3. Suppose 6*y - 3*y - 9 = j. What is u(y)?
-9
Let c = -17 + 30. Let w = c - 9. Let v(p) be the first derivative of -2*p**3/3 + 5*p**2/2 + 2*p + 182. What is v(w)?
-10
Let l(x) = -x**3 - 3*x**2 - x. Let s be l(-2). Let y(j) be the second derivative of -j**2 - 1/20*j**5 + 2*j - 1/6*j**3 + 0 - 1/4*j**4. Give y(s).
-4
Suppose -i + 15 = 5*y, 2*y - 26 = -4*i - 2. Let n(u) = 1 + u - y - u - u. Calculate n(-1).
0
Let j(f) = -2*f - f**2 - f - f - f - 3. Give j(-2).
3
Let s(x) be the second derivative of x**4/12 + x**3 - 2*x**2 + 2*x. Calculate s(-5).
-9
Let y be (-8)/(-36) - (-58)/(-18). Let w be (-1)/y - (-224)/12. Let i be w/4 - 3/(-12). Let r(o) = -o**2 + 4*o + 3. Calculate r(i).
-2
Let a = 11 + -10. Let j(p) = -p**3 - 4*p**2 + 4*p - 3. Let q be j(-5). Let w(r) = -2*r**q + 4*r**2 - 1 + 0*r**2 - r**3. Calculate w(a).
0
Let o(r) be the first derivative of -r**2 - r - 4. Calculate o(-1).
1
Let f = -12 - -17. Let l(b) = -2*b**2 + b**3 - 6 + 4*b + f*b**2 + 3*b**2. Suppose 2*y + 15 - 5 = 0. What is l(y)?
-1
Let t(u) be the third derivative of -u**5/12 - u**4/12 + u**3/6 + u**2. Determine t(1).
-6
Let n(k) = 23*k - 3. Let i(v) = 8*v - 1. Let b(d) = 17*i(d) - 6*n(d). What is b(6)?
-11
Let i(t) = 3*t**2 - 3*t - 10. Let g(f) = f**2 - f - 3. Let k(y) = 7*g(y) - 2*i(y). Suppose -2*d - 2 = -4. Let p be 2*1/d*1. What is k(p)?
1
Let l(t) = t + 1. Let s be (-5)/((-1 + 6/3)*1). Give l(s).
-4
Suppose 2*a = 4, i + 5*a = -0*i + 14. Suppose -s + 20 = i*s. Let v(t) = t**2 - 3*t + 1. Determine v(s).
5
Let p = 13 + -11. Let g(y) = -8*y**p + 5*y - 3*y - 4*y + y. What is g(-1)?
-7
Let b be 1/(-4) + (-26)/(-8). Let p(v) = 7*v - 8*v - 1 + b - 1. Determine p(1).
0
Let v(f) = f**3 + 4*f**2 + 4*f. Suppose -2*d - 12 = 2*d. Give v(d).
-3
Suppose 15 = m + 2*m. Suppose 2*j - j = -2*w - 8, m*w = -3*j - 20. Let v be -1 + (-1 - j) - -2. Let d(z) = z**2 + z - 1. Determine d(v).
-1
Let g(s) = s**2 - 2*s - 4 + 2 + 0 + 1. What is g(4)?
7
Let s(q) = q**3 - 7*q**2 + 4*q + 3. Let y(u) = u**3 - 3*u**2 + 2*u + 1. Let c(x) = 2*s(x) - 5*y(x). Determine c(1).
-3
Let o(f) be the second derivative of f**3/3 + f**2 + f. Let i(x) = 4*x**3 + x**2 - 1. Let g be i(1). Suppose g*s + 3 + 9 = 0. Give o(s).
-4
Let l(y) = 7*y**2 - y - 1. Let g(t) = -13*t**2 + 3*t + 2. Let q(n) = -2*g(n) - 5*l(n). What is q(1)?
-9
Let k(n) = -n**3 - 6*n**2 - 2*n - 7. Let j(u) = 6*u + 24. Let l be j(-5). Calculate k(l).
5
Let l(h) = -h**3 + 4*h**2 + 5*h + 4. Let n = -10 - -4. Let q = n - -11. Give l(q).
4
Let a be 4 - (0 + 4 + -3)*0. Let f(c) = c - 3. Determine f(a).
1
Let j(d) = d + 6. Let f(z) = -z - 1. Let s(h) = 4*f(h) + 2*j(h). What is s(7)?
-6
Let p = 8 + -3. Let t(x) = x**2 - 2*x + 3. Let g(s) = -2*s**2 + 4*s - 5. Let u(y) = -4*g(y) - 7*t(y). Let c(b) be the first derivative of u(b). Determine c(p).
8
Let c(h) = 1 - 2*h**2 + 6*h**2 + 2*h**3 - 2*h - 2*h**2 - 5*h**3. Determine c(1).
-2
Suppose w - 18 = 3*w. Let i = w + 6. Let t(p) = -p**3 - 4*p**2 + p + 2. Determine t(i).
-10
Let m(x) = -x**2 - 3*x + 4. Suppose 5*y - 4*u + 29 = 0, y - u + 11 = -y. Give m(y).
-6
Let i(t) = 2*t - 4. Let s(m) = -4*m + 7. Let y(b) = -11*i(b) - 6*s(b). Calculate y(-3).
-4
Let a(m) = 10*m + 2. Let c(t) = -t**3 - 16*t**2 + 16*t - 19. Let o be c(-17). Determine a(o).
-18
Let l(o) = -o - 11. Let b be 10/(-2)*(0 + -3). Suppose -g - 2*g = -s - 9, 2*s = -5*g + b. Let q be (-1)/((-1 + s)/(-5)). Give l(q).
-6
Let l(d) = d**2 + 6*d + 6. Let c(m) = m**3 + 9*m**2 - 11*m - 3. Let p be c(-10). Let q(x) = x - 2. Let t be q(p). Suppose -t = -2*z - 13. Determine l(z).
-2
Let y(i) = i**3 + i + 1. Let z(q) = -2*q**3 + q**2 - 2*q. Let u be 14/(-4) - 5/(-10). Let g(j) = u*y(j) - z(j). Calculate g(0).
-3
Suppose s = 5*s + 24. Let k(p) = -4*p - 9*p**3 - 10*p**3 + 2*p**3 + 5 + 16*p**3 - 7*p**2. Give k(s).
-7
Let l(i) = -i**2 - 3*i - 4. Suppose -1 = -3*z + 2*z. Let j = 8 - 6. Suppose -j = w + z. Calculate l(w).
-4
Let t(m) = 6 - m + 2 - 14. What is t(-5)?
-1
Let a(s) = 6*s - 1. Let l(t) = -3*t. Let w(i) = -3*a(i) - 7*l(i). Let n be -4*(1 - 4/16). Determine w(n).
-6
Let p(n) = -7*n**2 - 8*n**2 - 1 - 2*n + 22*n**2 - 8*n**2. Calculate p(2).
-9
Let p(b) = 7*b**2 - 18*b - 8. Let c(f) = -3*f**2 + 9*f + 4. Let u(h) = -5*c(h) - 2*p(h). What is u(9)?
-4
Let k(c) = c**3 - 2*c - 11. Let v(r) = r**3 - r - 6. Let s(o) = -6*k(o) + 11*v(o). Let p be s(1). Let b(l) = l - 6. Calculate b(p).
0
Let g(o) = 8*o**2 + 4. Let f(d) = 8*d**2 + 5. Let z(c) = 4*f(c) - 5*g(c). Let b be 8/(-2) + 0 + 9. Let v = -6 + b. Give z(v).
-8
Let s be (-7)/(-14)*(-1 - 9). Let u(p) = p**2 + p - 5. Let o be u(-4). Let z(c) = 5*c + 8*c + o - 12*c. Give z(s).
2
Let n(j) = 2*j**2 - 2*j - 1. Let a be n(2). Let x(o) = o**3 - 3*o**2 - 2*o + 4. Determine x(a).
-2
Suppose -5 = -c - 0*c. Let w(t) = 4 + 4*t**2 + 1 - 3*t**2 - 6*t + 0. What is w(c)?
0
Let r(a) be the third derivative of a**2 + 0*a + 0*a**4 - 1/120*a**6 + 0 - 1/6*a**3 + 1/30*a**5. Suppose 0 = -s + 3, -7*o + 2*o - 4*s + 17 = 0. Calculate r(o).
0
Let z(c) = c - 6. Let n = -6 + 6. Let w = n - 10. Let x be 75/w*(-4)/6. Give z(x).
-1
Let x(i) be the first derivative of -4*i**2 + i + 1. Let f(y) = y - 8. Let p be f(6). Let h be -1*(-3 - p)*1. What is x(h)?
-7
Let j(b) be the second derivative of b**5/60 + b**4/24 + b**3/6 - 2*b**2 + b. Let o(t) be the first derivative of j(t). What is o(-3)?
7
Let j = -6 + 4. Let n(a) be the second derivative of -a**7/1260 - a**6/240 - a**5/60 + 5*a**4/12 + 7*a. Let u(w) be the third derivative of n(w). What is u(j)?
-4
Let o(r) = r**3 + 4*r**2 - 3. Suppose -12 = 4*d - 0*d. Let j = 5 + d. Suppose 0 = -j*c - c - 9. What is o(c)?
6
Let x(o) = -o**3 - 3*o**2 + 3. Let y be -3*(6 - (-5)/(-1)). Determine x(y).
3
Let q(t) = t**2 + 4*t - 2. Let m be q(-5). Let w(z) be the third derivative of -z**6/120 + z**5/15 - 5*z**4/24 + 2*z**3/3 - z**2. Determine w(m).
-2
Let o(n) = -7*n**2 + 14*n - 5. Let z(i) = -4*i**2 + 7*i - 3. Let v(t) = 3*o(t) - 5*z(t). What is v(8)?
-8
Let h be ((-2)/(-3))/((-2)/(-12)). Let l(t) = 0 + 3 - h - t. What is l(4)?
-5
Let u(x) = 5 - 5*x - 7 + 6 + x**2. Suppose -7*l + 2*l = -4*w - 7, l = 3. Let p = w - -1. Calculate u(p).
-2
Let r(i) = -9*i - 2*i + 11*i - i**2. Calculate r(1).
-1
Let o(p) = p + 8. Let l be (1/(-2))/((-5)/(-20)). Let m be 7/(-14) + (-1)/2. Let z be l/(0 - m/2). Determine o(z).
4
Let k(t) = -2*t**2 + 3*t + 2. Let p(z) = z**2 + z. Let q(o) = k(o) + 3*p(o). Let x be q(-6). Let g(u) = u**2 + 0*u**3 + u**3 + u + 1 - x*u. Determine g(0).
1
Let o(z) be the first derivative of 2*z - 4 + 2*z - 2*z + z**2. Give o(2).
6
Let w be 0 - (2 + -3) - -11. Let c(n) = 13 - 2*n + 5*n - 4*n - w. What is c(3)?
-2
Let z(d) = -2*d + 1. Let l be 38/(-14) + 4/(-14). Suppose -24 + 4 = -5*t. Let h = t + l. Calculate z(h).
-1
Let l(d) = 7*d + 45. Let y be l(-7). Let z(x) = -x**2 - 3*x - 6. Calculate z(y).
-10
Let s(k) = -k + 7. Let x = 22 + -17. Give s(x).
2
Let u(r) = 